0*l - 40141*l - 1406 = 0. Calculate b(l).
0
Let w(h) be the second derivative of -h**5/20 - h**4/6 - h**3/3 + h**2 + 22*h. Suppose 711 = -181*z - 56*z. What is w(z)?
17
Let s = -7 + 14. Suppose 3*d + 3 = -4*l + 18, 4*d - 4 = 0. Let f(w) = 3 - 4*w**3 + 4*w + w**2 + 3*w**l + 7 + 5*w**2. Give f(s).
-11
Let d(s) = -s**3 + 5*s**2 + 6*s - 4. Let x be d(6). Let y(n) be the first derivative of -n**3 - 7*n**2/2 - 4*n + 17716. Determine y(x).
-24
Let u(s) = s**3 + 7*s**2 - s + 4. Let g = -167 - -164. Let d be (g/(-6))/(((-14)/(-2))/(-84)). What is u(d)?
46
Let s(c) = -89*c - 118. Let f(u) = 56*u + 76. Let a(n) = -8*f(n) - 5*s(n). Suppose -5*g = -4*g + 12. What is a(g)?
18
Let f(s) = -786*s + 399*s + 78 + 391*s + 36. Give f(-21).
30
Let l = 17 - 10. Suppose -24*n + 9*n + 255 = 0. Let f(y) = n - 31 + 13 - y. Determine f(l).
-8
Let u(y) = -9*y**3 - 6*y**2 - 3*y + 2. Let q(p) = p**2 - 10*p - 1345. Let j be q(42). Determine u(j).
8
Let y(f) be the first derivative of f**2 + 11*f + 61. Let n(u) = 2*u + 10. Let d(c) = -2*n(c) + 3*y(c). What is d(-10)?
-7
Suppose 18 = -13*p + 19*p. Suppose -3 = p*q + 3. Let g(i) = 0 - i**3 + 32*i**2 - 33*i**2 - i + 0. What is g(q)?
6
Let a = 119 + -113. Suppose -a*p + p - 10 = 0, 2*g - 12 = -3*p. Let v(h) = h**2 - 9*h - 11. What is v(g)?
-11
Let k = -179 - -183. Let b be 4 + (k - (8 - (3 + 0))). Let m(u) = u**2 - 2*u - 2. Calculate m(b).
1
Let o(x) = -x**3 + 7*x**2 + x - 5. Let u(q) = q**3 - 13*q**2 + 7. Let b = -38 + 34. Let z be (-1 + -12)/(3 + b). Let w be u(z). Calculate o(w).
2
Let a(h) be the third derivative of -h**4/24 - 3*h**3 - 2995*h**2. Determine a(-5).
-13
Let l(x) = 5*x - 251. Let j be l(50). Let n(d) = -15*d**3 + d**2 + 2*d + 1. Determine n(j).
15
Suppose 133 = 17*x - 3. Let b(f) = 10*f - 82. Give b(x).
-2
Let p(g) = g**2 + g + 2. Suppose 5*l + 260 = 3*n, 2*l + n = -l - 156. Let b = -50 - l. Suppose 17 = -5*z - 3*c, 0 = -3*z - b*c - c - 9. What is p(z)?
14
Let h(w) = 5*w - 13. Let s = -5116 + 5122. Determine h(s).
17
Let c(l) = -26 - l**3 + 2*l**2 + 0*l**2 - l**2. Suppose 0 = -5*q - w, 34*q - 39*q + w = 0. Give c(q).
-26
Let i = -170 + 167. Let c(p) = -p**2 + 8*p + 28. Let l be c(i). Let y(z) = z**3 + 7*z**2 + 6*z - 6. Calculate y(l).
14
Let t(k) = -k**2 + 22*k - 75. Let o(f) = -f**3 - 70*f**2 - 545*f + 259. Let j be o(-61). Determine t(j).
30
Let s(m) = 2*m**3 + 85*m**2 + 120*m - 121. Let r be s(-41). Let x(g) = 2*g - 4. Calculate x(r).
0
Let g(u) be the second derivative of 0 - 21*u + 3/2*u**2 - 4/3*u**3. Let w be g(1). Let b(k) = k**3 + 6*k**2 + 5*k - 1. Determine b(w).
-1
Let p(n) = -9*n**2 - 266 + 36*n + 8*n**2 + 80. What is p(6)?
-6
Let x(j) = 12*j + 148701 - 148695 - 10*j. What is x(-1)?
4
Suppose 3*n - 4*f = -10, 2 = 4*n + 3*f - 18. Let d be 6*n*8/(-8 + -8). Let l(i) = i**3 + 6*i**2 - i + 7. What is l(d)?
13
Let n(b) be the third derivative of -b**5/30 - b**4/24 + 37*b**3/6 - 477*b**2 + 8. What is n(-4)?
9
Let a be -1 - 0 - (-59 + 58). Let l(f) = -2 - 7 - 4*f + 3 + a + 6*f. Calculate l(6).
6
Let k(x) = -x**3 - 4*x**2 - 2*x + 2. Let q = 483 + -1005. Let j = q - -519. Give k(j).
-1
Let l = 19 + 30. Let x = l - 47. Let c(k) = -8*k**x + k**3 + 7*k + k**2 - 87 + 81. Calculate c(6).
0
Let c be (-14 - -18) + (-6)/2*3. Let w(t) = -3*t + 20. What is w(c)?
35
Let m = 294 - 296. Let l be (-1325)/(-159) + m/(-6)*2. Let f(z) be the first derivative of z**4/4 - 10*z**3/3 + 9*z**2/2 + z + 1. What is f(l)?
1
Suppose s = 2*s - 18. Let g(t) be the second derivative of -t**3/6 + 23*t**2/2 - 31*t + 2. Give g(s).
5
Suppose -210 = -141*k + 156*k. Let f(g) = 6*g + 72. Give f(k).
-12
Let u = 51635/3 + -17210. Let k(i) be the second derivative of -u*i**3 + 0 - 19*i + 0*i**2. What is k(1)?
-10
Suppose -2*l + l + 7 = 0. Let d(a) = 526*a - 167*a - 184*a + 13 - 176*a. Give d(l).
6
Let q(o) = 14*o + 1. Let f = 6 - 8. Let l(r) = 0*r + 91 - r - 94. Let j be l(f). Calculate q(j).
-13
Suppose -3*b = 2*b. Suppose 10 = 5*u - 15. Let x(q) = 4*q**3 - 10 - 3278*q + 3277*q - u*q**3. What is x(b)?
-10
Let s be 6/(-1) + ((-26)/12)/((-42)/252). Let y(l) = -l**2 + 2*l + 33. Calculate y(s).
-2
Let x(t) = -54*t + 5091. Let f be x(94). Let h(w) = 4*w - 65. Determine h(f).
-5
Let j be (10 - 5)/((-4 + 2)/(-2)). Let l(u) = u**3 + 6*u**2 + 3*u - 2. Let w(a) = -2*a**3 - 7*a**2 - 2*a + 3. Let v(o) = 3*l(o) + 2*w(o). What is v(j)?
0
Let t(d) = d**2 + 13*d + 23. Let f(l) = -2*l**3 - 8. Let g be f(0). Give t(g).
-17
Let j(w) be the second derivative of -w**7/1260 - w**6/180 + w**5/60 - 19*w**4/2 + 104*w + 1. Let o(l) be the third derivative of j(l). Calculate o(-4).
-14
Let q(i) be the second derivative of -i**4/12 + 2*i**3 - 21*i**2/2 - 32*i. Suppose 0 = r - 7 - 2. Let c be q(r). Let y(w) = w**2 - 6*w + 9. What is y(c)?
9
Let a = -174 + 186. Suppose 8*n = a - 12. Let s(g) = g + 2. What is s(n)?
2
Let u(h) = -19*h - 14. Let w be 4/(0 + 2) - (-10 - -1). Let z(a) = 11*a + 8. Let i(b) = w*z(b) + 6*u(b). Determine i(-4).
-24
Let q(y) = -18*y**3 - y**2. Suppose u + f + 5 = 5*f, -u + 3*f - 1 = 0. Suppose -9*t - u + 20 = 0. What is q(t)?
-19
Let s(r) = r - 23. Let d(x) = -20*x + 490. Let c(b) = 2*d(b) + 42*s(b). Let k(u) = -3*u**2 - 3*u. Let z be k(-2). What is c(z)?
2
Let t(x) = x**2 + x - 14. Let c(u) = -3*u**2 + 2*u + 30. Let g(y) = c(y) + 2*t(y). Determine g(8).
-30
Let h(x) = -x**3 + 9*x**2 - 6*x - 4. Let t(q) = -q**2 - 40*q - 68. Let l be (-59 + 2)*34/51. Let y be t(l). What is h(y)?
12
Let t(y) = y**3 + y**2 - y + 21. Suppose 0 = 3*z, -4*z - 6 = -3*u - 3*z. Suppose -p = s - u, -8*p - 8 = -2*s - 12*p. What is t(s)?
21
Let b(p) = -176*p + 1952. Let i be b(11). Let j(s) = -s**3 + 15*s**2 + 16*s + 1. Determine j(i).
1
Let r(d) be the third derivative of -d**7/2520 + d**6/360 + 7*d**5/120 + 107*d**4/24 - 57*d**2. Let k(i) be the second derivative of r(i). What is k(-3)?
-8
Let w(z) be the first derivative of -z**2/2 - 9*z - 9. Let j(m) = -m + 27. Let f(t) = 9. Let h(n) = -11*f(n) + 4*j(n). Let x be h(4). Calculate w(x).
-2
Suppose -f - 1 = -0*f. Let u(n) be the third derivative of n**6/20 + n**5/60 - n**4/24 - n**3/6 - 9*n**2 - 3903. Give u(f).
-5
Let n be -152*(-10)/80 + -3. Let w(v) = v**2 - 12*v - 58. Determine w(n).
6
Let j(b) = -b**2 - b - 1. Let q be j(-3). Let f(v) be the third derivative of -v**5/60 - v**4/4 + v**2 + 9*v + 100. Determine f(q).
-7
Let w(u) = 8*u**3 - 7. Let z(c) = 7*c**3 - 6. Let a(x) = 6*w(x) - 7*z(x). Suppose -24*p + 46 = -26. Calculate a(p).
-27
Let n(j) = -740*j + 104. Let m(f) = 298*f - 52. Let u(x) = -5*m(x) - 2*n(x). Calculate u(8).
-28
Let g(s) = -8 + 2*s + s - s. Let l(h) = -4*h + 2*h + 10*h**2 + 15 + h**3 + h - 18. Let p be l(-10). Calculate g(p).
6
Let b(x) = -x**3 - 2*x**2 - 2*x - 1. Suppose -11*k = 71 - 60. Calculate b(k).
0
Let y(v) = -4*v - 2. Suppose -q - b + 23 + 56 = 0, 0 = 4*q + b - 307. Suppose 6*l + q = -13*l. Give y(l).
14
Let f be 25/10*-4*(-1)/2. Suppose -r - 3*r = s + 13, -45 = -f*s + 2*r. Let x(w) = w**3 - 7*w**2 + 6. Give x(s).
6
Let q(h) = -5*h**2 - 1. Suppose -1 = -4*l - 13, -3*l = 5*b + 14. Determine q(b).
-6
Suppose -8*j + 1 = -6*j + b, -4*b = -4*j + 8. Let o(t) = 0*t**3 - t**2 + 8 - 7*t**2 + 3*t - j - t**3. Calculate o(-8).
-17
Let f(h) = 4*h + 25. Let i be (-922)/44 - 496/10912. Give f(i).
-59
Let p(c) = 4*c**3 - c**2 + c - 1. Let q(t) = t**3 + 3*t**2 + 7*t + 14. Let u be q(-4). Let l be u/(-18)*3*(1 + 0). Suppose f = -4*f + l. What is p(f)?
3
Let z(o) = 8*o**2 + 7. Let w = -5404 + 5407. Calculate z(w).
79
Let g(n) be the third derivative of n**4/8 - 2*n**3/3 + 89*n**2. Suppose 7 = v + 5. Determine g(v).
2
Suppose -4*q + 3 = -5. Suppose 8 = q*d - 4*t, -3*t - 5 = -2*d + 3. Let g(k) = -d + 16 - 6 - 2*k. What is g(4)?
-2
Let b(q) = q**2 - 19*q + 62. Let n(r) = 2*r**2 - 37*r + 119. Let c(s) = -13*b(s) + 6*n(s). Give c(20).
8
Let k(j) be the first derivative of -240 + 3*j - 1/2*j**2. Let h(c) = 10*c**2 + c + 1. Let r be h(-1). Determine k(r).
-7
Let w(j) = j**3 + 2*j**2 + 15*j - 6. Let y be w(0). Let d(x) = x**2 + 12*x - 3. Calculate d(y).
-39
Let j be -35*((-243)/(-810) - 102/140). Let x(g) = -g**3 + 17*g**2 - 29*g - 16. Give x(j).
-1
Let k(o) = 7*o**3 - o**2 - 11*o + 9. Let c(h) = 12*h**3 - h**2 - 19*h + 18. Let z(q) = 3*c(q) - 5*k(q). What is z(-4)?
-15
Let v(s) = -2*s**2 - 1052 + 1054 - 8*s**2 + 2*s. What